what is -55 - -451?
363
In base 6, what is 2 + 103422?
103424
In base 5, what is 20 + 24241?
24311
In base 6, what is 134 + 2230?
2404
In base 10, what is -220 - 28?
-248
In base 11, what is -143 + 527?
394
In base 10, what is 588656 + 2?
588658
In base 16, what is 930 + c?
93c
In base 14, what is 28d - 4?
289
In base 4, what is -101031 + -32131?
-133222
In base 8, what is -107263 + 17?
-107244
In base 10, what is -7470 + 25?
-7445
In base 14, what is 14 - -7bc2?
7bd6
In base 5, what is -1133342 - 44?
-1133441
In base 15, what is -5 - 221bb?
-221c1
In base 10, what is -151 + 25061?
24910
In base 7, what is -2 - -30?
25
In base 5, what is 34 - 414440?
-414401
In base 6, what is 135 + -41323?
-41144
In base 9, what is 23811 - -5?
23816
In base 13, what is -1ba5 - -9?
-1b99
In base 16, what is 33 - -48d2?
4905
In base 8, what is -665 - 0?
-665
In base 16, what is -2e17e + -6?
-2e184
In base 13, what is -2 + -10698?
-1069a
In base 13, what is -41c - 59?
-478
In base 8, what is 12 + -24705?
-24673
In base 16, what is -1cc + 30b?
13f
In base 7, what is 4 - 25113?
-25106
In base 5, what is 44 - -120040?
120134
In base 9, what is 1 + 24717?
24718
In base 12, what is 1041a9 - 0?
1041a9
In base 8, what is 3474 + -251?
3223
In base 14, what is -3 - 10707?
-1070a
In base 10, what is 335199 - -6?
335205
In base 14, what is -385 - 7c1?
-b66
In base 14, what is aa155 - -3?
aa158
In base 10, what is -207435 - -5?
-207430
In base 12, what is -30 + -2201b?
-2204b
In base 3, what is -11012112010 + -2?
-11012112012
In base 14, what is -1 - -1a2cc?
1a2cb
In base 7, what is -213533 - -154?
-213346
In base 4, what is 112022 - -100?
112122
In base 15, what is -116892 - -3?
-11688e
In base 9, what is -56 - 12337?
-12404
In base 8, what is -532 - -23?
-507
In base 10, what is -783 + 2477?
1694
In base 3, what is 10 - 1020220222222?
-1020220222212
In base 2, what is 1111001 - 10100110010?
-10010111001
In base 14, what is -1153 - 24?
-1177
In base 2, what is -1000010111101101101 - 10?
-1000010111101101111
In base 12, what is 5a05 - -3?
5a08
In base 8, what is 66747 + 3?
66752
In base 5, what is -24433 - 3421?
-33404
In base 5, what is -2100233 + -120?
-2100403
In base 10, what is 105 + 14?
119
In base 11, what is -1a687 + 6?
-1a681
In base 9, what is -74461 - -28?
-74432
In base 8, what is 1574 + 32?
1626
In base 3, what is 10 - -20222220201?
20222220211
In base 3, what is -111111012111 - 221?
-111111020102
In base 4, what is -103231 + -13223?
-123120
In base 13, what is -6a - cc8?
-1065
In base 13, what is -1b57c - -21?
-1b55b
In base 15, what is -1991 - -4?
-198c
In base 15, what is 1 - -d584?
d585
In base 6, what is -5 + 1415242?
1415233
In base 11, what is -4 - -14334?
14330
In base 7, what is 22440 + 1?
22441
In base 16, what is -3 - -c3398?
c3395
In base 12, what is 4 - -2247b?
22483
In base 16, what is 3d - -2be?
2fb
In base 4, what is -130300323 - -11?
-130300312
In base 15, what is -649a9 - -a?
-6499e
In base 15, what is -409b - 9a?
-4146
In base 12, what is 71a - 21?
6b9
In base 3, what is 2 + 21010100220?
21010100222
In base 12, what is -2 - -1916?
1914
In base 16, what is 161 - 1b2?
-51
In base 14, what is -5c22 + d?
-5c13
In base 13, what is 206a5 + -11?
20694
In base 15, what is 92 - -3c?
ce
In base 4, what is -2 + 1032230?
1032222
In base 11, what is -5 - 208170?
-208175
In base 14, what is 71 - 448?
-3b7
In base 7, what is 6 - 41?
-32
In base 6, what is 31131 + 441?
32012
In base 11, what is 22 - 1037?
-1015
In base 2, what is -100011101100010110 + -100?
-100011101100011010
In base 7, what is -2 - -602520?
602515
In base 16, what is -67a4 - 12?
-67b6
In base 14, what is 1866b - -11?
1867c
In base 8, what is 1047643 + -4?
1047637
In base 4, what is 33100001 - -3?
33100010
In base 10, what is -212 + -319?
-531
In base 9, what is -43354 + -18?
-43373
In base 12, what is 1 + -50810?
-5080b
In base 7, what is -246 + 5225?
4646
In base 15, what is 22d63 + -5?
22d5d
In base 10, what is -6 - -1571856?
1571850
In base 2, what is 101100 - 10001011101011?
-10001010111111
In base 7, what is -36462 - 4?
-36466
In base 15, what is 366 + -b23?
-7ac
In base 13, what is -1 + -39aa?
-39ab
In base 14, what is 524d4 + 3?
524d7
In base 9, what is 3 + 434871?
434874
In base 8, what is 1 + 3476600?
3476601
In base 4, what is -231 - -13022?
12131
In base 8, what is -3 - 105142?
-105145
In base 5, what is 132 + -1030440?
-1030303
In base 8, what is 0 - 1745547?
-1745547
In base 13, what is 253c56 - -4?
253c5a
In base 11, what is 7127 - 8?
711a
In base 5, what is -13034 + -1403?
-14442
In base 4, what is 222302201222 - 0?
222302201222
In base 2, what is -101110010100101 + -10?
-101110010100111
In base 16, what is -16 + -51ab?
-51c1
In base 6, what is -2 + -103220?
-103222
In base 10, what is 6 - -5007?
5013
In base 9, what is 28 - 3356?
-3327
In base 4, what is -3030 - 3211?
-12301
In base 11, what is -276 + 1157?
991
In base 9, what is -11016 + -13?
-11030
In base 4, what is -1111 - 30?
-1201
In base 12, what is -18b + 126?
-65
In base 5, what is 342 - 403?
-11
In base 8, what is -727 + 11270?
10341
In base 2, what is 100110001000000010 + 1?
100110001000000011
In base 14, what is 3790 - -b9?
3869
In base 2, what is 11 + 110110001011111?
110110001100010
In base 10, what is 5035 - 10?
5025
In base 10, what is 2795492 - 1?
2795491
In base 5, what is 10 - 31312?
-31302
In base 14, what is 2 + -1d9a?
-1d98
In base 12, what is 72287 + 3?
7228a
In base 16, what is d4 - -982?
a56
In base 3, what is -1211010202 + -11202?
-1211022111
In base 16, what is -7a2 - 17?
-7b9
In base 8, what is -276350 + -4?
-276354
In base 9, what is 524804 - 4?
524800
In base 10, what is 76 - -4057?
4133
In base 3, what is 11 + 102211112?
102211200
In base 15, what is b4a - 1d?
b2c
In base 9, what is -32843 - 13?
-32856
In base 11, what is 0 - -516a?
516a
In base 14, what is -1c00ab - 2?
-1c00ad
In base 7, what is 1 + -14400?
-14366
In base 7, what is -5 - -24521?
24513
In base 4, what is 320 + 1013313?
1020233
In base 10, what is -61545 + 6?
-61539
In base 12, what is b9a4 + 0?
b9a4
In base 7, what is 414646 - 2?
414644
In base 11, what is 3647 + 504?
4050
In base 3, what is -11211120 + -102222?
-12021112
In base 13, what is -150 + -251?
-3a1
In base 8, what is 17606 - 5?
17601
In base 9, what is -15 + -35363?
-35378
In base 14, what is -67325 - -4?
-67321
In base 11, what is -a + -767?
-776
In base 2, what is 1110010110 - -1001110100?
11000001010
In base 4, what is -213013330 + 1?
-213013323
In base 12, what is -104 - -1b?
-a5
In base 10, what is -50220 + 2?
-50218
In base 5, what is 10 - -231432?
231442
In base 12, what is 2 + 44089b?
4408a1
In base 8, what is -16 + 5024?
5006
In base 9, what is 4 + 1358847?
1358852
In base 2, what is -10 - -100001010100011?
100001010100001
In base 3, what is 0 - 111121221?
-111121221
In base 9, what is -4 + -1636844?
-1636848
In base 4, what is -11 + 2223302?
2223231
In base 15, what is -2 - 13162?
-13164
In base 12, what is 16 - -293?
2a9
In base 7, what is -115313 - 3?
-115316
In base 2, what is 101 - 11101000111101000000?
-11101000111100111011
In base 16, what is e5b3 + -5?
e5ae
In base 10, what is -15 + -71565?
-71580
In base 8, what is 1 + 426602?
426603
In base 2, what is 1110111 - -101110?
10100101
In base 6, what is 40053434 - 4?
40053430
In base 5, what is 10 - -32031244?
32031304
In base 3, what is -120021211011 - 2?
-120021211020
In base 7, what is 114 - 11321?
-11204
In base 2, what is 10100 - 11111100101?
-11111010001
In base 14, what is 33c7 + 5?
33cc
In base 6, what is 35 + -4325?
-4250
In base 10, what is 1807540 - -4?
1807544
In base 4, what is -311013 - 2010?
-313023
In base 11, what is -739a1 - 0?
-739a1
In base 15, what is -806e + 5?
-8069
In base 8, what is -32 - 12720?
-12752
In base 8, what is -165775 + 13?
-165762
In base 4, what is 1212111 + -10?
1212101
In base 3, what is -101 - -1021201202100?
1021201201222
In base 10, what is 1417 + -142?
1275
In base 14, what is -1 - 61183?
-61184
In base 13, what is 6 + 2852?
2858
In base 14, what is -3ca4 - 15?
-3cb9
In base 8, what is -135 + 607?
452
In base 13, what is -39 + -447a?
-44b6
In base 5, what is -144 - 30401?
-31100
In base 3, what is 10102001 + -111221?
2220010
In base 12, what is a + 6a9b?
